 + -1022 + ((-4 - -3 - -62) + -2 - 2).
65
Calculate (10 - 6) + 29 - (1 - (5 + -7)).
30
What is -18 + 6 + 3 + (-2 - -12 - (26 + -5))?
-20
What is (3 - -90) + (0 - -9) + (23 - 8) + -35?
82
Calculate (-12 - -89) + (18 - 118).
-23
Evaluate -2988 - -2924 - (-75 - 1).
12
What is -1 + -1 - -23 - (-58 - (-25 + -35))?
19
What is 3 + -84 + -4 - (13 + (-33 + 8 - -10))?
-83
What is 12 - 1 - 6 - (-2 - 3) - -6?
16
(-128 - -146 - (25 - -1)) + 5 + 84 + 2
83
Evaluate 107 + -159 + (-25 - -71).
-6
Evaluate -6 + 4 + -32 + 112 - 31.
47
What is the value of (9 + 0 - (43 - (70 + -41))) + -47?
-52
(-7 - -5) + (20 + -11 - (-4 - -19))
-8
(-2 - 1) + -69 + 4436 + -4452
-88
Calculate -25 - (22 - (139 + -22)) - (0 + 2 + 8).
60
-13 + 1 - (10 - (-103 + 141))
16
What is the value of 50 - (-58 - (-106 + 44))?
46
(-20 - 54) + 14 + (95 - 72)
-37
Evaluate (-3009 - -3033) + (44 - -1).
69
Evaluate 13 + 0 + (-35 - 13 - -80) - -14.
59
Calculate (-2 - (11 - (11 + -4))) + 18 - 10 - 28.
-26
What is -24 + (-42 - (81 + -84))?
-63
4 - -15 - 20 - -12 - (-10 + (6 - 5))
20
-4 - -51 - (-20 + 12 + -26)
81
46 + (-372 - -370 - (2 + 6 + -2)) + 10
48
What is the value of -7 + -13 + 32 + -20 + 8?
0
-60 + 34 - (6 - (2 + -8))
-38
Evaluate 16 + (5 + (-24 - 4 - -12) - 7) + -6.
-8
Calculate (-26 - 0) + (1876 - 1872).
-22
What is the value of -49 - 1 - (6 + (-13 - -1 - (-20 - -10)))?
-54
What is -40 + 19 + (-7 - -14 - 7)?
-21
Evaluate 16 - (-152 + (20 - -74)).
74
Evaluate -23 + (-9 - (-27 - -11)) - 9.
-25
What is (8 - 0) + 9 + 44 + -47 + -86?
-72
-74 + 94 + 24 + 25 + 0
69
Calculate (-14 - (33 - (1 + 19) - 7)) + -44.
-64
What is (3 - -29) + (5578 - 5579)?
31
What is 14 - (19 + (-290 + 198 - (-13 - -1)))?
75
Evaluate -22 + -10 - (-25 - -18).
-25
What is the value of 51 + -39 + (9 - 18 - (-5 + 2 + -4))?
10
What is the value of 48 + -3 + 0 + -35 + (99 - 45)?
64
What is the value of (3 + -3 + -5 + 2 - -25) + -7?
15
Evaluate 2 + (-29 + (-2 - -38) - (0 + 22)) + -80.
-93
157 + -163 + ((4 - 3) + 1 - (-1 + 75))
-78
Evaluate (-21 - -26 - (2 - 6)) + 64.
73
Calculate 2 + 5 - (-5 + 1 + 13 + -1 + -55).
54
0 - -28 - (-10 - (16 - (25 + -11)))
40
What is -8 - (-1 + 1 + -1134 + 1126 + -6 + 0)?
6
What is the value of -28 - (-18 - (-45 + 22 + 9))?
-24
26 - 82 - -179 - 181
-58
What is -15 - (3 + (-12 - (-4 - 4)) - (27 - -37))?
50
What is 1035 - 1041 - (0 - (-1 + 6 + 12))?
11
What is -1 + 1 + -15 + (10 - -11) + (-76 - -38)?
-32
1373 + -1514 - (0 - 116)
-25
What is (-2 - 3) + (35 - -7 - 0) + -6 + 9?
40
Calculate -1717 - -1745 - (23 - 0).
5
What is the value of 0 + -33 + 8 + (1 - 0) + (174 - 190)?
-40
What is 33 - ((-56 - -111) + 19)?
-41
Evaluate (4 - 13) + (-15 - -28 - 4) + -3.
-3
Calculate (1429 - 1430) + (33 - 1).
31
What is the value of (18 - -58) + (0 - 4) - 21?
51
What is the value of 0 - (-21 + 29 - 37) - 23?
6
What is the value of 5 + (1 - 0) + 3 + -11 + 4 - 53?
-51
Evaluate -17 + (18 + -7 + -5 + 8 - -102).
99
Calculate 5 - (1 + -2 + 0) - ((70 - 27) + -30).
-7
What is the value of -108 + (59 - 40) + 102?
13
Calculate (6 - 18) + (6 - 9) + (-56 - (26 + -34)).
-63
-124 - ((44 - 43) + 9 + -34 + 15)
-115
What is the value of 109 + (-10 - 14 - -50 - 21) - (1 - -3)?
110
58 - (-24 + 16 + 8 + 10)
48
0 + 7 + -8 - ((0 + -12 - -8) + -52)
55
2 + 7 + -47 + 0 - (25 + -38)
-25
What is (-87 + 22 + -14 - -37) + 94?
52
What is -27 - (-138 + 59 + -3)?
55
Calculate 21 - (0 + -18 + 15 + -18 + 4).
38
Calculate (2 - -2) + -20 + 12 + -4.
-8
What is the value of (-14 - -3) + 15 + (-6 - -5) + -238 + 161?
-74
What is the value of 1 + (22 + -17 - (48 - 1)) + 4?
-37
(-28 - (3 + -11)) + -8 + 18 + (-10 - 0)
-20
What is -2 + (52 - (7 - (2 - 5 - (7 - 8))))?
41
What is the value of 4 + (19 - 32) - (-3 + (-5 - -11))?
-12
What is the value of -5 + 8 + -143 + 129?
-11
-13 - 1 - 1 - (-493 - -503)
-25
Evaluate 42 - 3 - (21 + -10) - -7.
35
Evaluate (-53 - -44 - (-23 + -5)) + 8 + 0 + -2.
25
65 + 12 + (24 - 0 - (-62 - -88))
75
Calculate -3 + -8 + -3 + (-5 - (152 - 173)).
2
Calculate -99 - (-159 + 62 - -51).
-53
Calculate 1 + 141 + (172 - 332).
-18
What is the value of -118 + -1 - (29 + -43 + -11)?
-94
What is (3468 - 3588) + (40 - -4)?
-76
-18 - (-9 - -12 - 15) - (1 + 101 + 2)
-110
Calculate -65 + (18 - -33) - (-3 - -62) - 5.
-78
What is the value of -7 + 0 + 221 + 79 + -247?
46
53 + (18 - -7 - (39 + -43))
82
(146 + -80 - 34) + -121
-89
Evaluate -23 + 2 + (9 - (-122 - -36)).
74
Calculate -1 - -15 - (-646 + 657 + (68 - -2)).
-67
What is 108 + (10 - -43 - 142)?
19
What is -22 + 11 + (30 - (-15 + -2))?
36
Evaluate 1 + (2 - 2) + (-131 + 52 - -74) - 46.
-50
-13 + 1 - (43 + -9 - 21 - -31)
-56
Evaluate -101 + -60 + 179 + -53.
-35
Evaluate (4 - (-145 + 167 - (1 + -8))) + 0.
-25
What is the value of -16 + 0 - (15 - (-6 - -47))?
10
-51 + 107 + -41 + -49
-34
What is 48 + (13 + 44 - 60)?
45
What is -7 + (12 - (3 - 14)) + -9 + 17?
24
Evaluate -71 - (-86 - -37) - (12 - 2).
-32
Evaluate 5 - (9 + -2 + -7 - 1) - -52.
58
Evaluate 0 + -11 + -33 + 45 + -18 + -2.
-19
(0 - 22) + (265 - 205) - 7
31
-2 + (-5 - 49) + -32 + -12
-100
Evaluate -7 - (-47 + (-42 + 21 - -11)).
50
Calculate 14 - (-12 + (9 - 3)) - (86 + -2).
-64
Calculate 9 + -6 + -1 + -1 + -2 + -45 - 1.
-47
Calculate 954 - 802 - (-12 + 102).
62
Calculate -12 + 18 + 47 - (-12 - (3 - 5)).
63
Calculate -8 - (-97 - -217) - (6 - 30).
-104
What is 96 + -119 + (5 - -45)?
27
What is -10 + 9 - (-12 - -15 - -11)?
-15
Calculate 4 + -6 - -19 - (23 + 4 + -29) - 2.
17
What is the value of (-26 - -15) + 2 - (-1 + (12 - 48))?
28
What is the value of 24 + 46 + -29 + -83?
-42
What is 6 - 16 - (107 - (-2 + 11 + 12 + -9))?
-105
4 - (-1 - -89) - (-4 - (20 - 8) - -8)
-76
375 + -283 + 14 + -47
59
Calculate -15 - -1 - ((23 - 44) + 138 + -31).
-100
Calculate 5 - 1 - (-7 + 4) - (45 + -17).
-21
What is the value of 2 - (3 - 3) - (-22 + 43)?
-19
What is -25 - -10 - (-16 - (-39 + 1 + 10))?
-27
What is 4 - (5 - 2 - (-103 + 94))?
-8
Calculate 18 - (-8 - -18) - (30 + -2 + 4 + -1).
-23
Calculate 1 + (-3 - 0 - 3 - (-12 - -45)).
-38
What is the value of -43 + (51 - (-4 - 6))?
18
Evaluate 67 + -38 - (-184 - -215).
-2
What is the value of -6 - (-14 - 12) - 22?
-2
Calculate -8 + -82 - -73 - (0 - -15).
-32
Evaluate 36 - (46 - (126 + -48)).
68
Evaluate 2 - (-61 - -42 - (0 - 14)).
7
Evaluate -17 + 5 + 4 + (12 - 2) + -3 - -1.
0
Evaluate (-2 + -7 - 6 - (40 - 47)) + 55.
47
What is the value of -25 + 33 + (-11 - -25)?
22
What is (142 - 54) + 0 + -127?
-39
(-100 - 7 - -46) + 92
31
15 - (0 + (-37 + 22 + -1 - -84))
-53
What is the value of (-15 - 75) + 15 - ((1 - (20 + -4)) + 6)?
-66
What is the value of -5 + (-3 - -8 - 4) - 96 - (-15 + 30)?
-115
Calculate -2 + -7 + (-7 - ((-10 - 11) + -36)).
41
What is the value of 9 - ((-27 - (1 - 0)) + (456 - 450))?
31
-389 + 378 - (-16 + 2 + -5)
8
Evaluate (-6 - 3) + (-12 + (-25 - -22) - (-11 + -142)).
129
Evaluate 43 + (-48 + 16 - 42).
-31
-100 + -159 + 336 + -82
-5
What is the value of (-7 - (10 - 32)) + -23?
-8
What is 549 + -569 + -4 + 11 + -15?
-28
196 + -125 + 43 + -30
84
Calculate -8 + (46 - (6 + -13 + 8)).
37
-71 - (-96 - (-6 - 50))
-31
What is (6 - (4 + -2)) + (22 + -11 - 16)?
-1
Evaluate 21 + (-16 + 0 - (138 - 138)) + 1 + 6.
12
What is (15 - -87) + -30 - -11?
83
Evaluate 33 - 48 - (53 + -1) - (-3 - 3).
-61
What is the value of 41 + -99 + 24 - (4 - ((2 - 4) + 18))?
-22
Calculate -21 + 21 + 33 + -4.
29
What is (-14 - 3 - -21) + 37?
41
Evaluate 10 + -1 + -26 + -127 + 110.
-34
What is the value of (18 - (15 - (2 - -14 - 16))) + (0 - -13)?
16
Evaluate -45 + (3 - -7) + (-14 + 1 + 4 - 2).
-46
Evaluate (-34 - (-3 - 14)) + 19 + 1 - (-2 + 123).
-118
1 + 5 + 0 - (-13 - -21) - (-31 - -1)
28
What is the value of 0 + 119 + 20 + -17 + 26 + -25?
123
What is 1 - ((-571 - -618) + (-1 - -13 - 0))?
-58
What is 28 + (-50 - -31) - 6?
3
(1 - 28) + -3059 + 3128
42
Calculate 8 - (-18 + -2 - (156 - 172)).
12
64 - -5 - (-48 + 75)
42
What is the value of (5 - 2 - (-30 - 51) - 6) + -58 + 55?
75
-1 - (-17 + -2 + 11 + 5) - (4 - -2)
-4
What is 76 + (-2 - (-24 + 26 + -7) - (9 + 0))?
70
What is the value of -24 - (-134 + 133) - (2 - 21)?
-4
What is -15 - (-22 - ((-21 - -39) + -65))?
-40
Calculate -11 + (6 - 1) + (7 - 3) - -26.
24
What is 4 + (6 + 3 - 9 - 31)?
-27
Evaluate -39 + -27 + 103 - 72.
-35
Calculate (-8 - -19 - -7) + (-9 - (23 + -43)).
29
Calculate